{"id":2,"date":"2016-05-10T03:48:21","date_gmt":"2016-05-10T03:48:21","guid":{"rendered":"http:\/\/gallowayzucht-schaeferhof.de\/?page_id=2"},"modified":"2020-01-04T22:59:53","modified_gmt":"2020-01-04T22:59:53","slug":"sample-page","status":"publish","type":"page","link":"https:\/\/gallowayzucht-schaeferhof.de\/","title":{"rendered":"Home"},"content":{"rendered":"\t\t<div data-elementor-type=\"wp-page\" data-elementor-id=\"2\" class=\"elementor elementor-2\">\n\t\t\t\t\t\t\t\t\t<section class=\"elementor-section elementor-top-section elementor-element elementor-element-ade5f96 elementor-section-boxed elementor-section-height-default elementor-section-height-default\" data-id=\"ade5f96\" data-element_type=\"section\">\n\t\t\t\t\t\t<div class=\"elementor-container elementor-column-gap-default\">\n\t\t\t\t\t<div class=\"elementor-column elementor-col-100 elementor-top-column elementor-element elementor-element-63902d2\" data-id=\"63902d2\" data-element_type=\"column\">\n\t\t\t<div class=\"elementor-widget-wrap elementor-element-populated\">\n\t\t\t\t\t\t\t\t<div class=\"elementor-element elementor-element-5df0db2 elementor-widget elementor-widget-heading\" data-id=\"5df0db2\" data-element_type=\"widget\" data-widget_type=\"heading.default\">\n\t\t\t\t<div class=\"elementor-widget-container\">\n\t\t\t<h1 class=\"elementor-heading-title elementor-size-default\">Herzlich Willkommen \n\nbei der \n\nGallowayzucht Sch\u00e4ferhof\n<\/h1>\t\t<\/div>\n\t\t\t\t<\/div>\n\t\t\t\t\t<\/div>\n\t\t<\/div>\n\t\t\t\t\t\t\t<\/div>\n\t\t<\/section>\n\t\t\t\t<section class=\"elementor-section elementor-top-section elementor-element elementor-element-070ddf9 elementor-section-boxed elementor-section-height-default elementor-section-height-default\" data-id=\"070ddf9\" data-element_type=\"section\">\n\t\t\t\t\t\t<div class=\"elementor-container elementor-column-gap-default\">\n\t\t\t\t\t<div class=\"elementor-column elementor-col-100 elementor-top-column elementor-element elementor-element-0f58e92\" data-id=\"0f58e92\" data-element_type=\"column\">\n\t\t\t<div class=\"elementor-widget-wrap elementor-element-populated\">\n\t\t\t\t\t\t\t\t<div class=\"elementor-element elementor-element-4b1d017 elementor-widget elementor-widget-spacer\" data-id=\"4b1d017\" data-element_type=\"widget\" data-widget_type=\"spacer.default\">\n\t\t\t\t<div class=\"elementor-widget-container\">\n\t\t\t\t\t<div class=\"elementor-spacer\">\n\t\t\t<div class=\"elementor-spacer-inner\"><\/div>\n\t\t<\/div>\n\t\t\t\t<\/div>\n\t\t\t\t<\/div>\n\t\t\t\t<div class=\"elementor-element elementor-element-4e8a309 elementor-widget elementor-widget-text-editor\" data-id=\"4e8a309\" data-element_type=\"widget\" data-widget_type=\"text-editor.default\">\n\t\t\t\t<div class=\"elementor-widget-container\">\n\t\t\t\t\t\t\t<h3 class=\"p4\" style=\"text-align: center;\"><span style=\"color: #000000;\">Auf unserer Homepage, Gallowayzucht Sch\u00e4ferhof, haben sie die M\u00f6glichkeit<\/span><\/h3><h3 class=\"p4\" style=\"text-align: center;\"><span style=\"color: #000000;\">sich \u00fcber die Galloways\u00a0auf dem Sch\u00e4ferhof zu informieren.<\/span><\/h3><h3 class=\"p4\" style=\"text-align: center;\"><span style=\"color: #000000;\">Unsere Herdbuchzucht besteht aus den Farben black, white, red.<\/span><\/h3><h3 class=\"p4\" style=\"text-align: center;\"><span style=\"color: #000000;\">Sollten Sie Fragen zur Gallowayzucht Sch\u00e4ferhof und den Galloways haben,<\/span><\/h3><h3 class=\"p4\" style=\"text-align: center;\"><span style=\"color: #000000;\">benutzen Sie das <a style=\"color: #000000;\" href=\"file:\/\/\/C:\/Galloway%20aktuell\/kontakt.html\"><strong>Kontakformular<\/strong><\/a> und schreiben uns eine Nachricht<\/span><\/h3><h3 class=\"p4\" style=\"text-align: center;\"><span style=\"color: #000000;\">oder Sie rufen\u00a0uns einfach an.<\/span><\/h3>\t\t\t\t\t\t<\/div>\n\t\t\t\t<\/div>\n\t\t\t\t\t<\/div>\n\t\t<\/div>\n\t\t\t\t\t\t\t<\/div>\n\t\t<\/section>\n\t\t\t\t\t\t\t<\/div>\n\t\t","protected":false},"excerpt":{"rendered":"<p>Herzlich Willkommen bei der Gallowayzucht Sch\u00e4ferhof Auf unserer Homepage, Gallowayzucht Sch\u00e4ferhof, haben sie die M\u00f6glichkeit sich \u00fcber die Galloways&nbsp;auf dem Sch\u00e4ferhof zu informieren. Unsere Herdbuchzucht besteht aus den Farben black, white, red. Sollten Sie Fragen zur Gallowayzucht Sch\u00e4ferhof und den Galloways haben, benutzen Sie das Kontakformular und schreiben uns eine Nachricht oder Sie rufen&nbsp;uns einfach [&hellip;]<\/p>\n","protected":false},"author":1,"featured_media":0,"parent":0,"menu_order":0,"comment_status":"closed","ping_status":"open","template":"","meta":{"footnotes":""},"_links":{"self":[{"href":"https:\/\/gallowayzucht-schaeferhof.de\/index.php?rest_route=\/wp\/v2\/pages\/2"}],"collection":[{"href":"https:\/\/gallowayzucht-schaeferhof.de\/index.php?rest_route=\/wp\/v2\/pages"}],"about":[{"href":"https:\/\/gallowayzucht-schaeferhof.de\/index.php?rest_route=\/wp\/v2\/types\/page"}],"author":[{"embeddable":true,"href":"https:\/\/gallowayzucht-schaeferhof.de\/index.php?rest_route=\/wp\/v2\/users\/1"}],"replies":[{"embeddable":true,"href":"https:\/\/gallowayzucht-schaeferhof.de\/index.php?rest_route=%2Fwp%2Fv2%2Fcomments&post=2"}],"version-history":[{"count":5,"href":"https:\/\/gallowayzucht-schaeferhof.de\/index.php?rest_route=\/wp\/v2\/pages\/2\/revisions"}],"predecessor-version":[{"id":99,"href":"https:\/\/gallowayzucht-schaeferhof.de\/index.php?rest_route=\/wp\/v2\/pages\/2\/revisions\/99"}],"wp:attachment":[{"href":"https:\/\/gallowayzucht-schaeferhof.de\/index.php?rest_route=%2Fwp%2Fv2%2Fmedia&parent=2"}],"curies":[{"name":"wp","href":"https:\/\/api.w.org\/{rel}","templated":true}]}}